86?
False
Is 14 a factor of 454?
False
Does 88 divide 2112?
True
Does 9 divide 23154?
False
Does 98 divide 532?
False
Is 35 a factor of 1330?
True
Does 53 divide 1589?
False
Does 14 divide 20832?
True
Does 4 divide 2048?
True
Does 18 divide 1074?
False
Does 14 divide 45472?
True
Is 1363 a multiple of 19?
False
Does 16 divide 3379?
False
Does 34 divide 109?
False
Is 331 a multiple of 15?
False
Is 2937 a multiple of 59?
False
Is 4539 a multiple of 51?
True
Is 2320 a multiple of 16?
True
Is 31 a factor of 445?
False
Is 22589 a multiple of 98?
False
Is 197 a multiple of 5?
False
Is 13 a factor of 324?
False
Is 7 a factor of 4750?
False
Is 14 a factor of 353?
False
Is 4480 a multiple of 14?
True
Is 45 a factor of 3825?
True
Is 522 a multiple of 7?
False
Is 884 a multiple of 42?
False
Does 14 divide 392?
True
Does 8 divide 32240?
True
Is 7 a factor of 47831?
True
Is 15 a factor of 288?
False
Does 139 divide 42303?
False
Does 12 divide 1800?
True
Does 16 divide 1712?
True
Is 2 a factor of 111?
False
Is 9720 a multiple of 20?
True
Does 8 divide 5641?
False
Is 655 a multiple of 4?
False
Is 136 a multiple of 103?
False
Is 1180 a multiple of 22?
False
Is 3 a factor of 322?
False
Is 23190 a multiple of 148?
False
Is 15 a factor of 570?
True
Is 152 a multiple of 7?
False
Is 969 a multiple of 57?
True
Is 765 a multiple of 37?
False
Does 14 divide 980?
True
Is 90 a factor of 13419?
False
Is 67 a factor of 206?
False
Is 507 a multiple of 3?
True
Is 29366 a multiple of 31?
False
Does 25 divide 550?
True
Is 20678 a multiple of 2?
True
Does 118 divide 16375?
False
Does 60 divide 4920?
True
Is 197 a factor of 22046?
False
Does 49 divide 2885?
False
Is 2 a factor of 323?
False
Is 1336 a multiple of 41?
False
Is 2163 a multiple of 38?
False
Is 16 a factor of 11417?
False
Does 6 divide 1513?
False
Is 72 a factor of 2376?
True
Is 38 a factor of 3368?
False
Is 8630 a multiple of 67?
False
Is 21195 a multiple of 9?
True
Is 1363 a multiple of 71?
False
Does 28 divide 66746?
False
Does 6 divide 9888?
True
Does 15 divide 1740?
True
Does 29 divide 667?
True
Is 12 a factor of 7029?
False
Is 108 a factor of 40716?
True
Is 961 a multiple of 32?
False
Does 9 divide 1386?
True
Is 15 a factor of 375?
True
Does 4 divide 2513?
False
Does 36 divide 28332?
True
Is 35 a factor of 6893?
False
Does 13 divide 14577?
False
Does 23 divide 966?
True
Does 121 divide 3025?
True
Is 27 a factor of 5121?
False
Is 14648 a multiple of 3?
False
Does 34 divide 26043?
False
Is 53136 a multiple of 16?
True
Is 91 even?
False
Is 19388 a multiple of 37?
True
Is 3441 a multiple of 39?
False
Does 30 divide 45140?
False
Does 8 divide 18667?
False
Is 151 a factor of 3073?
False
Is 18 a factor of 2358?
True
Does 36 divide 1872?
True
Does 8 divide 16208?
True
Is 106 a factor of 141?
False
Is 11568 a multiple of 16?
True
Does 10 divide 881?
False
Does 3 divide 876?
True
Is 42 a factor of 614?
False
Is 2312 a multiple of 68?
True
Is 6 a factor of 214?
False
Is 266 even?
True
Does 52 divide 2912?
True
Does 89 divide 3283?
False
Is 41 a factor of 3057?
False
Does 12 divide 69900?
True
Is 2784 a multiple of 87?
True
Does 11 divide 1298?
True
Is 915 a multiple of 34?
False
Is 6 a factor of 1182?
True
Is 462 a multiple of 3?
True
Does 143 divide 27885?
True
Is 4 a factor of 18416?
True
Is 6 a factor of 10377?
False
Is 75 a factor of 59164?
False
Is 780 a multiple of 60?
True
Is 27 a factor of 3915?
True
Does 11 divide 9471?
True
Is 119167 a multiple of 269?
True
Is 6374 a multiple of 30?
False
Is 38 a factor of 13531?
False
Is 33 a multiple of 10?
False
Does 35 divide 367?
False
Does 108 divide 119772?
True
Is 36006 a multiple of 102?
True
Does 27 divide 129600?
True
Is 204 a multiple of 50?
False
Does 156 divide 9432?
False
Does 18 divide 15390?
True
Is 17 a factor of 32224?
False
Is 312 a multiple of 26?
True
Does 5 divide 5?
True
Does 91 divide 6188?
True
Is 829 a multiple of 14?
False
Does 111 divide 2553?
True
Is 226 a factor of 88772?
False
Is 41 a factor of 615?
True
Is 5 a factor of 182?
False
Is 33 a factor of 18975?
True
Does 47 divide 586?
False
Is 23 a factor of 26749?
True
Is 19 a factor of 1320?
False
Does 5 divide 6325?
True
Is 3255 a multiple of 35?
True
Is 78 a multiple of 26?
True
Is 22 a factor of 7095?
False
Is 378 a multiple of 9?
True
Does 9 divide 135?
True
Is 97 a factor of 14938?
True
Is 42 a factor of 2047?
False
Is 4 a factor of 1796?
True
Is 438 a multiple of 3?
True
Does 63 divide 5153?
False
Is 11396 a multiple of 14?
True
Does 17 divide 41565?
True
Does 13 divide 11778?
True
Does 36 divide 74016?
True
Is 20845 a multiple of 55?
True
Is 1116 a multiple of 18?
True
Is 359 even?
False
Does 5 divide 223?
False
Is 636 a multiple of 14?
False
Is 7260 a multiple of 242?
True
Is 5448 a multiple of 4?
True
Is 2941 a multiple of 9?
False
Is 10230 a multiple of 33?
True
Is 46 a factor of 750?
False
Does 161 divide 4186?
True
Does 13 divide 156?
True
Does 13 divide 143?
True
Does 7 divide 189?
True
Does 6 divide 30083?
False
Is 39 a factor of 690?
False
Does 79 divide 5036?
False
Is 66450 a multiple of 25?
True
Does 15 divide 1095?
True
Does 30 divide 412?
False
Does 9 divide 11871?
True
Is 43 a factor of 2494?
True
Does 24 divide 27456?
True
Is 49959 a multiple of 63?
True
Does 50 divide 3704?
False
Is 62 a factor of 868?
True
Is 8774 a multiple of 5?
False
Is 325 a multiple of 5?
True
Is 15 a factor of 240?
True
Is 20381 a multiple of 13?
False
Does 3 divide 15936?
True
Is 25 a factor of 15281?
False
Is 1920 a multiple of 24?
True
Does 6 divide 307?
False
Does 14 divide 1302?
True
Is 9000 a multiple of 36?
True
Does 9 divide 14051?
False
Is 12 a factor of 59042?
False
Is 28 a factor of 8479?
False
Is 6693 a multiple of 10?
False
Is 778 a multiple of 82?
False
Is 17426 a multiple of 16?
False
Is 5 a factor of 6555?
True
Does 105 divide 1995?
True
Does 3 divide 118?
False
Does 78 divide 2187?
False
Does 2 divide 329?
False
Is 322 a multiple of 14?
True
Does 5 divide 2460?
True
Is 6 a factor of 17960?
False
Does 145 divide 24505?
True
Is 40365 a multiple of 45?
True
Does 5 divide 1742?
False
Is 2691 a multiple of 117?
True
Does 130 divide 12584?
False
Is 37 a factor of 5280?
False
Is 11 a factor of 15763?
True
Is 292 a multiple of 3?
False
Does 10 divide 2641?
False
Is 255 a multiple of 15?
True
Does 4 divide 254?
False
Is 128 a multiple of 7?
False
Does 55 divide 15792?
False
Does 28 divide 709?
False
Is 8 a factor of 77?
False
Is 760 a multiple of 21?
False
Does 60 divide 1080?
True
Is 10 a factor of 650?
True
Does 6 divide 9390?
True
Is 13738 a multiple of 47?
False
Does 41 divide 199?
False
Is 1424 a multiple of 8?
True
Does 24 divide 54768?
True
Does 37 divide 4132?
False
Does 21 divide 4181?
False
Is 5 a factor of 1210?
True
Is 22 a factor of 1780?
False
Does 18 divide 39640?
False
Is 16 a factor of 2061?
False
Does 53 divide 16536?
True
Is 11 a factor of 982?
False
Is 27 a factor of 22337?
False
Is 686 a multiple of 6?
False
Does 53 divide 3394?
False
Does 146 divide 7969?
False
Is 3200 a multiple of 100?
True
Does 184 divide 3128?
True
Is 30 a factor of 3471?
False
Does 5 divide 9050?
True
Does 11 divide 148?
False
Is 37950 a multiple of 115?
True
Is 398 a multiple of 3?
False
Is 697 a multiple of 41?
True
Is 552 a multiple of 46?
True
Does 57 divide 684?
True
Is 66571 a multiple of 290?
False
Does 12 divide 1704?
True
Is 427 a multiple of 5?
False
Is 1523 a multiple of 13?
False
Is 1375 a multiple of 25?
True
Is 11 a factor of 7278?
False
Is 1960 a multiple of 2?
True
Does 43 divide 1677?
True
Does 28 divide 415?
False
Is 19 a factor of 304?
True
Is 23800 a multiple of 56?
True
Is 22 a factor of 72412?
False
Is 2 a factor of 1872?
True
Is 5 a factor of 19?
False
Is 26 a multiple of 2?
True
Is 216 a factor of 38880?
True
Is 21 a factor of 28895?
False
Is 268 a multiple of 67?
True
Is 56 a factor of 5208?
True
Is 18 a factor of 32893?
False
Is 3 a factor of 341?
False
Does 4 divide 36728?
True
Is 1092 a multiple of 42?
True
Is 51 a multiple of 3?
True
Is 86 a multiple of 15?
False
Is 77 a factor of 385?
True
Does 17 divide 1700?
True
Does 32 divide 19584?
True
Is 5325 a multiple of 71?
True
Does 9 divide 7974?
True
Does 12 divide 228?
True
Does 61 divide 40775?
False
Is 71 a factor of 1